

{"id":49,"date":"2025-08-25T15:24:36","date_gmt":"2025-08-25T13:24:36","guid":{"rendered":"https:\/\/charta-thesauri.de\/?page_id=49"},"modified":"2025-11-15T09:07:07","modified_gmt":"2025-11-15T08:07:07","slug":"recherchelinks","status":"publish","type":"page","link":"https:\/\/charta-thesauri.de\/index.php\/recherchelinks\/","title":{"rendered":"Recherchelinks"},"content":{"rendered":"\n<p>Es existieren einige Seiten mit teilweise ganz ausgezeichneten historischen Geodaten, welche an dieser Stelle empfohlen werden sollen:<\/p>\n\n\n\n<ul class=\"wp-block-list\">\n<li>Kartensammlung der un\u00fcbertroffenen Legende David Rumsey: <a href=\"https:\/\/www.davidrumsey.com\/\">https:\/\/www.davidrumsey.com\/<\/a><\/li>\n\n\n\n<li>OldMapsOnline: <a href=\"https:\/\/www.oldmapsonline.org\">https:\/\/www.oldmapsonline.org<\/a><\/li>\n\n\n\n<li>Archiv der &#8222;National Collection of Aerial Photography (NCAP)&#8220;, teilweise ausgezeichnete Luftbilder aus Norddeutschland aus der Zeit des zweiten Weltkrieges (Archiv scheint jedoch aktuell umgestellt zu werden, man findet zur Zeit nicht alle (eigentlich) verf\u00fcgbaren Daten: <a href=\"https:\/\/www.ncap.org\">https:\/\/www.ncap.org<\/a><\/li>\n\n\n\n<li>Beispielhaftes historisches Kartenwiki (zur Verortung historischer St\u00e4tten der R\u00f6mer): <a href=\"https:\/\/vici.org\">https:\/\/vici.org<\/a><\/li>\n\n\n\n<li><a href=\"https:\/\/livingatlas.arcgis.com\/wayback\/#mapCenter=8.04205%2C52.27702%2C12&amp;mode=explore&amp;active=58924\">ESRI World Imagery Wayback<\/a> (Luftbilder ausgezeichneter Qualit\u00e4t f\u00fcr die gesamte Welt, von 2014 bis jetzt)<\/li>\n\n\n\n<li>Sehr sch\u00f6ne Erl\u00e4uterungsseite zu Aspekten der Luftbildarch\u00e4ologie: <a href=\"http:\/\/www.archaeopro.de\/archaeopro\/lba-1x.htm\">http:\/\/www.archaeopro.de\/archaeopro\/lba-1x.htm<\/a><\/li>\n\n\n\n<li>Forschungsprojekt R\u00f6merwege: <a href=\"https:\/\/www.itiner-e.org\/\">https:\/\/www.itiner-e.org\/<\/a><\/li>\n<\/ul>\n\n\n\n<p><\/p>\n","protected":false},"excerpt":{"rendered":"<p>Es existieren einige Seiten mit teilweise ganz ausgezeichneten historischen Geodaten, welche an dieser Stelle empfohlen werden sollen:<\/p>\n","protected":false},"author":1,"featured_media":0,"parent":0,"menu_order":0,"comment_status":"closed","ping_status":"closed","template":"","meta":{"footnotes":""},"class_list":["post-49","page","type-page","status-publish","hentry"],"yoast_head":"<!-- This site is optimized with the Yoast SEO Premium plugin v26.6 (Yoast SEO v26.6) - https:\/\/yoast.com\/wordpress\/plugins\/seo\/ -->\n<title>Recherchelinks - Charta thesauri<\/title>\n<meta name=\"robots\" content=\"index, follow, max-snippet:-1, max-image-preview:large, max-video-preview:-1\" \/>\n<link rel=\"canonical\" href=\"https:\/\/charta-thesauri.de\/index.php\/recherchelinks\/\" \/>\n<meta property=\"og:locale\" content=\"de_DE\" \/>\n<meta property=\"og:type\" content=\"article\" \/>\n<meta property=\"og:title\" content=\"Recherchelinks\" \/>\n<meta property=\"og:description\" content=\"Es existieren einige Seiten mit teilweise ganz ausgezeichneten historischen Geodaten, welche an dieser Stelle empfohlen werden sollen:\" \/>\n<meta property=\"og:url\" content=\"https:\/\/charta-thesauri.de\/index.php\/recherchelinks\/\" \/>\n<meta property=\"og:site_name\" content=\"Charta thesauri\" \/>\n<meta property=\"article:modified_time\" content=\"2025-11-15T08:07:07+00:00\" \/>\n<meta name=\"twitter:card\" content=\"summary_large_image\" \/>\n<meta name=\"twitter:label1\" content=\"Gesch\u00e4tzte Lesezeit\" \/>\n\t<meta name=\"twitter:data1\" content=\"1\u00a0Minute\" \/>\n<script type=\"application\/ld+json\" class=\"yoast-schema-graph\">{\"@context\":\"https:\/\/schema.org\",\"@graph\":[{\"@type\":\"WebPage\",\"@id\":\"https:\/\/charta-thesauri.de\/index.php\/recherchelinks\/\",\"url\":\"https:\/\/charta-thesauri.de\/index.php\/recherchelinks\/\",\"name\":\"Recherchelinks - Charta thesauri\",\"isPartOf\":{\"@id\":\"https:\/\/charta-thesauri.de\/#website\"},\"datePublished\":\"2025-08-25T13:24:36+00:00\",\"dateModified\":\"2025-11-15T08:07:07+00:00\",\"breadcrumb\":{\"@id\":\"https:\/\/charta-thesauri.de\/index.php\/recherchelinks\/#breadcrumb\"},\"inLanguage\":\"de\",\"potentialAction\":[{\"@type\":\"ReadAction\",\"target\":[\"https:\/\/charta-thesauri.de\/index.php\/recherchelinks\/\"]}]},{\"@type\":\"BreadcrumbList\",\"@id\":\"https:\/\/charta-thesauri.de\/index.php\/recherchelinks\/#breadcrumb\",\"itemListElement\":[{\"@type\":\"ListItem\",\"position\":1,\"name\":\"Startseite\",\"item\":\"https:\/\/charta-thesauri.de\/\"},{\"@type\":\"ListItem\",\"position\":2,\"name\":\"Recherchelinks\"}]},{\"@type\":\"WebSite\",\"@id\":\"https:\/\/charta-thesauri.de\/#website\",\"url\":\"https:\/\/charta-thesauri.de\/\",\"name\":\"Charta thesauri\",\"description\":\"test test\",\"potentialAction\":[{\"@type\":\"SearchAction\",\"target\":{\"@type\":\"EntryPoint\",\"urlTemplate\":\"https:\/\/charta-thesauri.de\/?s={search_term_string}\"},\"query-input\":{\"@type\":\"PropertyValueSpecification\",\"valueRequired\":true,\"valueName\":\"search_term_string\"}}],\"inLanguage\":\"de\"}]}<\/script>\n<!-- \/ Yoast SEO Premium plugin. -->","yoast_head_json":{"title":"Recherchelinks - Charta thesauri","robots":{"index":"index","follow":"follow","max-snippet":"max-snippet:-1","max-image-preview":"max-image-preview:large","max-video-preview":"max-video-preview:-1"},"canonical":"https:\/\/charta-thesauri.de\/index.php\/recherchelinks\/","og_locale":"de_DE","og_type":"article","og_title":"Recherchelinks","og_description":"Es existieren einige Seiten mit teilweise ganz ausgezeichneten historischen Geodaten, welche an dieser Stelle empfohlen werden sollen:","og_url":"https:\/\/charta-thesauri.de\/index.php\/recherchelinks\/","og_site_name":"Charta thesauri","article_modified_time":"2025-11-15T08:07:07+00:00","twitter_card":"summary_large_image","twitter_misc":{"Gesch\u00e4tzte Lesezeit":"1\u00a0Minute"},"schema":{"@context":"https:\/\/schema.org","@graph":[{"@type":"WebPage","@id":"https:\/\/charta-thesauri.de\/index.php\/recherchelinks\/","url":"https:\/\/charta-thesauri.de\/index.php\/recherchelinks\/","name":"Recherchelinks - Charta thesauri","isPartOf":{"@id":"https:\/\/charta-thesauri.de\/#website"},"datePublished":"2025-08-25T13:24:36+00:00","dateModified":"2025-11-15T08:07:07+00:00","breadcrumb":{"@id":"https:\/\/charta-thesauri.de\/index.php\/recherchelinks\/#breadcrumb"},"inLanguage":"de","potentialAction":[{"@type":"ReadAction","target":["https:\/\/charta-thesauri.de\/index.php\/recherchelinks\/"]}]},{"@type":"BreadcrumbList","@id":"https:\/\/charta-thesauri.de\/index.php\/recherchelinks\/#breadcrumb","itemListElement":[{"@type":"ListItem","position":1,"name":"Startseite","item":"https:\/\/charta-thesauri.de\/"},{"@type":"ListItem","position":2,"name":"Recherchelinks"}]},{"@type":"WebSite","@id":"https:\/\/charta-thesauri.de\/#website","url":"https:\/\/charta-thesauri.de\/","name":"Charta thesauri","description":"test test","potentialAction":[{"@type":"SearchAction","target":{"@type":"EntryPoint","urlTemplate":"https:\/\/charta-thesauri.de\/?s={search_term_string}"},"query-input":{"@type":"PropertyValueSpecification","valueRequired":true,"valueName":"search_term_string"}}],"inLanguage":"de"}]}},"acf":[],"_links":{"self":[{"href":"https:\/\/charta-thesauri.de\/index.php\/wp-json\/wp\/v2\/pages\/49","targetHints":{"allow":["GET"]}}],"collection":[{"href":"https:\/\/charta-thesauri.de\/index.php\/wp-json\/wp\/v2\/pages"}],"about":[{"href":"https:\/\/charta-thesauri.de\/index.php\/wp-json\/wp\/v2\/types\/page"}],"author":[{"embeddable":true,"href":"https:\/\/charta-thesauri.de\/index.php\/wp-json\/wp\/v2\/users\/1"}],"replies":[{"embeddable":true,"href":"https:\/\/charta-thesauri.de\/index.php\/wp-json\/wp\/v2\/comments?post=49"}],"version-history":[{"count":9,"href":"https:\/\/charta-thesauri.de\/index.php\/wp-json\/wp\/v2\/pages\/49\/revisions"}],"predecessor-version":[{"id":956,"href":"https:\/\/charta-thesauri.de\/index.php\/wp-json\/wp\/v2\/pages\/49\/revisions\/956"}],"wp:attachment":[{"href":"https:\/\/charta-thesauri.de\/index.php\/wp-json\/wp\/v2\/media?parent=49"}],"curies":[{"name":"wp","href":"https:\/\/api.w.org\/{rel}","templated":true}]}}